{"id":2139,"date":"2025-08-30T08:52:00","date_gmt":"2025-08-30T06:52:00","guid":{"rendered":"http:\/\/olirennt.de\/?page_id=2139"},"modified":"2025-08-30T08:52:01","modified_gmt":"2025-08-30T06:52:01","slug":"2007-2","status":"publish","type":"page","link":"http:\/\/olirennt.de\/?page_id=2139","title":{"rendered":"2007"},"content":{"rendered":"\n<div class=\"wp-block-columns is-layout-flex wp-container-core-columns-is-layout-9d6595d7 wp-block-columns-is-layout-flex\">\n<div class=\"wp-block-column is-layout-flow wp-block-column-is-layout-flow\" style=\"flex-basis:33.33%\">\n<figure class=\"wp-block-image size-full\"><img loading=\"lazy\" decoding=\"async\" width=\"1920\" height=\"2560\" src=\"http:\/\/olirennt.de\/wp-content\/uploads\/2025\/08\/IMGP0107-scaled.jpg\" alt=\"\" class=\"wp-image-2140\" srcset=\"http:\/\/olirennt.de\/wp-content\/uploads\/2025\/08\/IMGP0107-scaled.jpg 1920w, http:\/\/olirennt.de\/wp-content\/uploads\/2025\/08\/IMGP0107-225x300.jpg 225w, http:\/\/olirennt.de\/wp-content\/uploads\/2025\/08\/IMGP0107-768x1024.jpg 768w, http:\/\/olirennt.de\/wp-content\/uploads\/2025\/08\/IMGP0107-1152x1536.jpg 1152w, http:\/\/olirennt.de\/wp-content\/uploads\/2025\/08\/IMGP0107-1536x2048.jpg 1536w\" sizes=\"auto, (max-width: 1920px) 100vw, 1920px\" \/><\/figure>\n<\/div>\n\n\n\n<div class=\"wp-block-column is-layout-flow wp-block-column-is-layout-flow\" style=\"flex-basis:66.66%\">\n<p><strong>2007: Spendensumme 4.066 Euro, Halbmarathon-Zeit: 1:35, Erster Marathon<\/strong><br>Im Jahr 2007 sollte dann mein erstes richtiges l\u00e4uferisches Highligt sein. Bin super und leichter durch den Winter gekommen, ab dem Fr\u00fchjahr habe ich dann auch wieder trainiert. Jetzt schon so 4 Mal die Woche bis zu 13 km. Auch wurden die Menschen gerade in meinem Heimatort weiter auf mich aufmerksam, da es in einem lokalem Magazin einen tollen Bericht gab: &#8222;Klinkenputzen f\u00fcr den guten Zweck&#8220;. Und so wurden es schon 74 Spenden mit Gesamt 4.066 Euro. Und ich habe dann auch 4 Linzertorten verlost.<br>L\u00e4uferisch habe ich mir dann beim Baden-Halbmarathon deutlich mehr zugetraut, zumal ich am KIT einen Laktattest gemacht hatte, der hatte eine Prognose von 1:37 h ergeben.<br>Durch die vielen Spenden zus\u00e4tzlich motiviert bin ich dann den Halbmarathon in der Zeit von 1:35 h gelaufen. Nicht nur ich war begeistert. Zwei Kollegen meinten, dass ich jetzt die Form ausnutzen soll und einen &#8222;Ganzen&#8220; laufen k\u00f6nnte. Ja klar dachte ich, so nah komme ich da vielleicht nie mehr dran. Also dann mal ein paar l\u00e4ngere L\u00e4ufe bis 28 km gemacht, neue Schuhe gekauft. Zudem haben die beiden mich dann beim &#8222;Graf-Rhena-Weg&#8220; getestet. Hoch ins Albtal und zur\u00fcck. Test bestanden, zusammen mit Bj\u00f6rn ging es dann Ende Oktober zum Frankfurt-Marathon. Ich hatte mir vorgenommen, so lang es geht beim Zugl\u00e4ufer 3:30 dranzubleiben. Das hat super geklappt und ich vin dann genau in der Zeit ins Ziel, genauer gesagt in die Frankfurter Festhalle eingelaufen. Was f\u00fcr ein Erlebnis. Mein Marathon-Fieber war nun entfacht, es sollten noch einige folgen.<\/p>\n\n\n\n<p><\/p>\n<\/div>\n<\/div>\n","protected":false},"excerpt":{"rendered":"<p>2007: Spendensumme 4.066 Euro, Halbmarathon-Zeit: 1:35, Erster MarathonIm Jahr 2007 sollte dann mein erstes richtiges l\u00e4uferisches Highligt sein. Bin super &hellip; <\/p>\n","protected":false},"author":1,"featured_media":0,"parent":0,"menu_order":0,"comment_status":"closed","ping_status":"closed","template":"","meta":{"give_campaign_id":0,"_price":"","_stock":"","_tribe_ticket_header":"","_tribe_default_ticket_provider":"","_tribe_ticket_capacity":"0","_ticket_start_date":"","_ticket_end_date":"","_tribe_ticket_show_description":"","_tribe_ticket_show_not_going":false,"_tribe_ticket_use_global_stock":"","_tribe_ticket_global_stock_level":"","_global_stock_mode":"","_global_stock_cap":"","_tribe_rsvp_for_event":"","_tribe_ticket_going_count":"","_tribe_ticket_not_going_count":"","_tribe_tickets_list":"[]","_tribe_ticket_has_attendee_info_fields":false,"footnotes":"","_tec_slr_enabled":"","_tec_slr_layout":""},"class_list":["post-2139","page","type-page","status-publish","hentry"],"campaignId":"","ticketed":false,"_links":{"self":[{"href":"http:\/\/olirennt.de\/index.php?rest_route=\/wp\/v2\/pages\/2139","targetHints":{"allow":["GET"]}}],"collection":[{"href":"http:\/\/olirennt.de\/index.php?rest_route=\/wp\/v2\/pages"}],"about":[{"href":"http:\/\/olirennt.de\/index.php?rest_route=\/wp\/v2\/types\/page"}],"author":[{"embeddable":true,"href":"http:\/\/olirennt.de\/index.php?rest_route=\/wp\/v2\/users\/1"}],"replies":[{"embeddable":true,"href":"http:\/\/olirennt.de\/index.php?rest_route=%2Fwp%2Fv2%2Fcomments&post=2139"}],"version-history":[{"count":1,"href":"http:\/\/olirennt.de\/index.php?rest_route=\/wp\/v2\/pages\/2139\/revisions"}],"predecessor-version":[{"id":2141,"href":"http:\/\/olirennt.de\/index.php?rest_route=\/wp\/v2\/pages\/2139\/revisions\/2141"}],"wp:attachment":[{"href":"http:\/\/olirennt.de\/index.php?rest_route=%2Fwp%2Fv2%2Fmedia&parent=2139"}],"curies":[{"name":"wp","href":"https:\/\/api.w.org\/{rel}","templated":true}]}}