{"id":2131,"date":"2025-08-24T09:58:29","date_gmt":"2025-08-24T07:58:29","guid":{"rendered":"http:\/\/olirennt.de\/?page_id=2131"},"modified":"2025-08-24T10:01:39","modified_gmt":"2025-08-24T08:01:39","slug":"2006-2","status":"publish","type":"page","link":"http:\/\/olirennt.de\/?page_id=2131","title":{"rendered":"2006"},"content":{"rendered":"\n<div class=\"wp-block-columns is-layout-flex wp-container-core-columns-is-layout-9d6595d7 wp-block-columns-is-layout-flex\">\n<div class=\"wp-block-column is-layout-flow wp-block-column-is-layout-flow\" style=\"flex-basis:33.33%\">\n<figure class=\"wp-block-image size-full\"><img loading=\"lazy\" decoding=\"async\" width=\"1200\" height=\"1600\" src=\"http:\/\/olirennt.de\/wp-content\/uploads\/2025\/08\/IMG_0052.jpg\" alt=\"\" class=\"wp-image-2132\" srcset=\"http:\/\/olirennt.de\/wp-content\/uploads\/2025\/08\/IMG_0052.jpg 1200w, http:\/\/olirennt.de\/wp-content\/uploads\/2025\/08\/IMG_0052-225x300.jpg 225w, http:\/\/olirennt.de\/wp-content\/uploads\/2025\/08\/IMG_0052-768x1024.jpg 768w, http:\/\/olirennt.de\/wp-content\/uploads\/2025\/08\/IMG_0052-1152x1536.jpg 1152w\" sizes=\"auto, (max-width: 1200px) 100vw, 1200px\" \/><\/figure>\n<\/div>\n\n\n\n<div class=\"wp-block-column is-layout-flow wp-block-column-is-layout-flow\" style=\"flex-basis:66.66%\">\n<p><strong>2006: Spendensumme 2.406 Euro, Halbmarathon-Zeit: 1:51<\/strong><br>Nachdem das mit dem Laufen und auch Spendensammeln in 2005 so gut geklappt hatte, war nat\u00fcrlich klar, dass ich auch in 2006 dabei war. \u00dcber den Winter hatte ich gewichtsm\u00e4\u00dfig wieder etwas zugelegt, so dass ab Fr\u00fchjahr etwas Training angesagt war. Noch keine ewig lange Strecken, aber schon etwas mehr als im Jahr davor. Auch das Sammeln von Spenden wurde nun &#8222;ausgebaut&#8220;. Ich hatte nun Flyer und konnte damit die Menschen pers\u00f6nlich ansprechen, auch den EMail-Verteiler habe ich ausgebaut. Auch war nun etwas mehr bekannt, dass ich laufe und Spenden sammle. Und schliesslich hatte ich auch die Idee einen Anreiz zu schaffen und den Spenderinnen und Spendern etwas zur\u00fcckzugeben. Und so verlose ich seit 2006 von mir selbst gebackene Linzertorten als Anreiz.<\/p>\n\n\n\n<p>Als L\u00e4ufer hatte ich nun auch etwas mehr Erfahrung, aus heutiger Sicht aber immer noch nicht viel. Ich ging den Halbmarathon dann etwas schneller an und schaffte so eine Verbesserung von ca. 7 Minuten auf 1:51:15. Eine Zeit, die ich bis heute (2025) nicht mehr gelaufen bin, also so langsam \ud83d\ude09<br>Und der Strecke wurde ich wieder von meiner Familie und weiteren Fans unterst\u00fctzt. Wie schon im Vorjahr war das ein tolles Event.<\/p>\n\n\n\n<p>Auch das Werben um Spenden war sehr erfolgreich und so waren es bereits im 2. Jahr 56 Spenden und insgesamt 2.406 Euro. Nat\u00fcrlich war ich begeistert und motiviert f\u00fcr das Folgejahr. Ich wusste aber da auch noch nicht, was das Jahr 2007 l\u00e4uferisch f\u00fcr mich noch f\u00fcr positive \u00dcberraschungen bringen w\u00fcrde.<\/p>\n\n\n\n<p><\/p>\n<\/div>\n<\/div>\n","protected":false},"excerpt":{"rendered":"<p>2006: Spendensumme 2.406 Euro, Halbmarathon-Zeit: 1:51Nachdem das mit dem Laufen und auch Spendensammeln in 2005 so gut geklappt hatte, war &hellip; <\/p>\n","protected":false},"author":1,"featured_media":0,"parent":0,"menu_order":0,"comment_status":"closed","ping_status":"closed","template":"","meta":{"give_campaign_id":0,"_price":"","_stock":"","_tribe_ticket_header":"","_tribe_default_ticket_provider":"","_tribe_ticket_capacity":"0","_ticket_start_date":"","_ticket_end_date":"","_tribe_ticket_show_description":"","_tribe_ticket_show_not_going":false,"_tribe_ticket_use_global_stock":"","_tribe_ticket_global_stock_level":"","_global_stock_mode":"","_global_stock_cap":"","_tribe_rsvp_for_event":"","_tribe_ticket_going_count":"","_tribe_ticket_not_going_count":"","_tribe_tickets_list":"[]","_tribe_ticket_has_attendee_info_fields":false,"footnotes":"","_tec_slr_enabled":"","_tec_slr_layout":""},"class_list":["post-2131","page","type-page","status-publish","hentry"],"campaignId":"","ticketed":false,"_links":{"self":[{"href":"http:\/\/olirennt.de\/index.php?rest_route=\/wp\/v2\/pages\/2131","targetHints":{"allow":["GET"]}}],"collection":[{"href":"http:\/\/olirennt.de\/index.php?rest_route=\/wp\/v2\/pages"}],"about":[{"href":"http:\/\/olirennt.de\/index.php?rest_route=\/wp\/v2\/types\/page"}],"author":[{"embeddable":true,"href":"http:\/\/olirennt.de\/index.php?rest_route=\/wp\/v2\/users\/1"}],"replies":[{"embeddable":true,"href":"http:\/\/olirennt.de\/index.php?rest_route=%2Fwp%2Fv2%2Fcomments&post=2131"}],"version-history":[{"count":2,"href":"http:\/\/olirennt.de\/index.php?rest_route=\/wp\/v2\/pages\/2131\/revisions"}],"predecessor-version":[{"id":2136,"href":"http:\/\/olirennt.de\/index.php?rest_route=\/wp\/v2\/pages\/2131\/revisions\/2136"}],"wp:attachment":[{"href":"http:\/\/olirennt.de\/index.php?rest_route=%2Fwp%2Fv2%2Fmedia&parent=2131"}],"curies":[{"name":"wp","href":"https:\/\/api.w.org\/{rel}","templated":true}]}}