{"id":2081,"date":"2025-01-14T20:36:24","date_gmt":"2025-01-14T18:36:24","guid":{"rendered":"http:\/\/olirennt.de\/?page_id=2081"},"modified":"2025-02-06T22:26:29","modified_gmt":"2025-02-06T20:26:29","slug":"benefizlauf-tunnel","status":"publish","type":"page","link":"http:\/\/olirennt.de\/?page_id=2081","title":{"rendered":"Benefizlauf Tunnel"},"content":{"rendered":"\n<p><strong>17. Januar 2025, Benefizlauf Tunnel Rastatt:<\/strong><br>Heute ging ich gemeinsam mit 9 L\u00e4uferinnen und L\u00e4ufern der Deutschen Bahn um 13 Uhr am<br>Tunnelportal bei \u00d6tigheim an den Start. Der DRK-Kindernotarztwagen mit Dr. Kuch und Dr. Lindmayer war ebenfalls dabei und ist uns im Tunnel hinterhergefahren. Es ging einmal durch die Westr\u00f6hre, ca. 4,2 km, und dann wieder zur\u00fcck ins Ziel am Tunnelportal in \u00d6tigheim. War ein tolles Erlebnis, durch einen solchen Tunnel quasi alleine laufen zu d\u00fcrfen. Am Start war es doch noch recht frisch und windig, aber nach einigen hundert Metern ist es doch recht warm im Tunnel und man konnte prima laufen.<br>Und noch mehr freut es mich nat\u00fcrlich, dass ich heute gemeinsam mit der Bahn ordentlich Werbung f\u00fcr das Projekt DRK-Kindernotarztwagen machen durfte. <\/p>\n\n\n\n<p>Bei diesem Benefizlauf konnte 10.660 Euro an Spenden f\u00fcr den DRK-Kindernotarztwagen erlaufen. Ein wirklich super Ergebnis f\u00fcr ein tolles Projekt. Herzlichen Dank an alle Spenderinnen und Spender.<br><br>Hinweis zu den Spendenbescheinigungen: Bis 300 Euro gen\u00fcgt der Kontoauszug. Bei \u00fcber 300 Euro und angegebener Adresse wird vom DRK eine Spendenbescheinigung ausgestellt.<br><\/p>\n\n\n\n<p><strong>Berichte zum Lauf:<\/strong><br><a href=\"https:\/\/www.deutschebahn.com\/de\/presse\/presse-regional\/pr-stuttgart-de\/aktuell\/presseinformationen\/pi-05-Benefizlauf-Tunnel-Rastatt-13242352\">https:\/\/www.deutschebahn.com\/de\/presse\/presse-regional\/pr-stuttgart-de\/aktuell\/presseinformationen\/pi-05-Benefizlauf-Tunnel-Rastatt-13242352<\/a><\/p>\n\n\n\n<p>Video der Deutschen Bahn zum Lauf:<br><a href=\"https:\/\/www.youtube.com\/watch?v=YSmTA0dW0xw\">https:\/\/www.youtube.com\/watch?v=YSmTA0dW0xw<\/a><br><br><a href=\"https:\/\/meinka.de\/benefizlauf-durch-den-tunnel-in-rastatt-spendenaktion-fuer-karlsruher-kindernotarztwagen\/\">https:\/\/meinka.de\/benefizlauf-durch-den-tunnel-in-rastatt-spendenaktion-fuer-karlsruher-kindernotarztwagen\/<\/a><br><br><a href=\"https:\/\/www.baden-tv.com\/mediathek\/video\/meilenstein-beim-bau-des-rastatter-bahntunnels-erreicht\/\">https:\/\/www.baden-tv.com\/mediathek\/video\/meilenstein-beim-bau-des-rastatter-bahntunnels-erreicht\/<\/a><br><br><a href=\"https:\/\/www.instagram.com\/bnn_mittelbaden\/reel\/DE7zkn9Ipww\/\">https:\/\/www.instagram.com\/bnn_mittelbaden\/reel\/DE7zkn9Ipww\/<\/a><\/p>\n\n\n\n<p><\/p>\n\n\n\n<p><\/p>\n\n\n\n<p><\/p>\n\n\n\n<p><\/p>\n\n\n\n<p><\/p>\n\n\n\n<figure class=\"wp-block-gallery has-nested-images columns-default is-cropped wp-block-gallery-1 is-layout-flex wp-block-gallery-is-layout-flex\">\n<figure class=\"wp-block-image size-large\"><img loading=\"lazy\" decoding=\"async\" width=\"1024\" height=\"768\" data-id=\"2083\" src=\"http:\/\/olirennt.de\/wp-content\/uploads\/2025\/01\/241218_Herr_Hoelzer_Auto_Rosenbaum-3-1024x768.jpg\" alt=\"\" class=\"wp-image-2083\" srcset=\"http:\/\/olirennt.de\/wp-content\/uploads\/2025\/01\/241218_Herr_Hoelzer_Auto_Rosenbaum-3-1024x768.jpg 1024w, http:\/\/olirennt.de\/wp-content\/uploads\/2025\/01\/241218_Herr_Hoelzer_Auto_Rosenbaum-3-300x225.jpg 300w, http:\/\/olirennt.de\/wp-content\/uploads\/2025\/01\/241218_Herr_Hoelzer_Auto_Rosenbaum-3-768x576.jpg 768w, http:\/\/olirennt.de\/wp-content\/uploads\/2025\/01\/241218_Herr_Hoelzer_Auto_Rosenbaum-3-1536x1152.jpg 1536w, http:\/\/olirennt.de\/wp-content\/uploads\/2025\/01\/241218_Herr_Hoelzer_Auto_Rosenbaum-3-2048x1536.jpg 2048w\" sizes=\"auto, (max-width: 1024px) 100vw, 1024px\" \/><\/figure>\n\n\n\n<figure class=\"wp-block-image size-large\"><img loading=\"lazy\" decoding=\"async\" width=\"1024\" height=\"768\" data-id=\"2082\" src=\"http:\/\/olirennt.de\/wp-content\/uploads\/2025\/01\/241218_Herr_Hoelzer_Auto_2_Rosenbaum-1-1024x768.jpg\" alt=\"\" class=\"wp-image-2082\" srcset=\"http:\/\/olirennt.de\/wp-content\/uploads\/2025\/01\/241218_Herr_Hoelzer_Auto_2_Rosenbaum-1-1024x768.jpg 1024w, http:\/\/olirennt.de\/wp-content\/uploads\/2025\/01\/241218_Herr_Hoelzer_Auto_2_Rosenbaum-1-300x225.jpg 300w, http:\/\/olirennt.de\/wp-content\/uploads\/2025\/01\/241218_Herr_Hoelzer_Auto_2_Rosenbaum-1-768x576.jpg 768w, http:\/\/olirennt.de\/wp-content\/uploads\/2025\/01\/241218_Herr_Hoelzer_Auto_2_Rosenbaum-1-1536x1152.jpg 1536w, http:\/\/olirennt.de\/wp-content\/uploads\/2025\/01\/241218_Herr_Hoelzer_Auto_2_Rosenbaum-1-2048x1536.jpg 2048w\" sizes=\"auto, (max-width: 1024px) 100vw, 1024px\" \/><\/figure>\n<\/figure>\n","protected":false},"excerpt":{"rendered":"<p>17. Januar 2025, Benefizlauf Tunnel Rastatt:Heute ging ich gemeinsam mit 9 L\u00e4uferinnen und L\u00e4ufern der Deutschen Bahn um 13 Uhr &hellip; <\/p>\n","protected":false},"author":1,"featured_media":0,"parent":0,"menu_order":0,"comment_status":"closed","ping_status":"closed","template":"","meta":{"give_campaign_id":0,"_price":"","_stock":"","_tribe_ticket_header":"","_tribe_default_ticket_provider":"","_tribe_ticket_capacity":"0","_ticket_start_date":"","_ticket_end_date":"","_tribe_ticket_show_description":"","_tribe_ticket_show_not_going":false,"_tribe_ticket_use_global_stock":"","_tribe_ticket_global_stock_level":"","_global_stock_mode":"","_global_stock_cap":"","_tribe_rsvp_for_event":"","_tribe_ticket_going_count":"","_tribe_ticket_not_going_count":"","_tribe_tickets_list":"[]","_tribe_ticket_has_attendee_info_fields":false,"footnotes":"","_tec_slr_enabled":"","_tec_slr_layout":""},"class_list":["post-2081","page","type-page","status-publish","hentry"],"campaignId":"","ticketed":false,"_links":{"self":[{"href":"http:\/\/olirennt.de\/index.php?rest_route=\/wp\/v2\/pages\/2081","targetHints":{"allow":["GET"]}}],"collection":[{"href":"http:\/\/olirennt.de\/index.php?rest_route=\/wp\/v2\/pages"}],"about":[{"href":"http:\/\/olirennt.de\/index.php?rest_route=\/wp\/v2\/types\/page"}],"author":[{"embeddable":true,"href":"http:\/\/olirennt.de\/index.php?rest_route=\/wp\/v2\/users\/1"}],"replies":[{"embeddable":true,"href":"http:\/\/olirennt.de\/index.php?rest_route=%2Fwp%2Fv2%2Fcomments&post=2081"}],"version-history":[{"count":7,"href":"http:\/\/olirennt.de\/index.php?rest_route=\/wp\/v2\/pages\/2081\/revisions"}],"predecessor-version":[{"id":2106,"href":"http:\/\/olirennt.de\/index.php?rest_route=\/wp\/v2\/pages\/2081\/revisions\/2106"}],"wp:attachment":[{"href":"http:\/\/olirennt.de\/index.php?rest_route=%2Fwp%2Fv2%2Fmedia&parent=2081"}],"curies":[{"name":"wp","href":"https:\/\/api.w.org\/{rel}","templated":true}]}}